 is divided by 20?
19
What is the remainder when (-3)/((-45)/20)*27 is divided by (1*-1)/1 - -20?
17
Let l be (-1)/2 + 2/4. Let c be ((1 - l) + 3)/1. Suppose -c*k + 2*s + 66 + 18 = 0, -3*k + 5*s = -49. Calculate the remainder when k is divided by 8.
7
What is the remainder when 38 is divided by ((-2)/6)/(6/(-234))?
12
Suppose -c = 4*v - 37, -3*c - 2*c + 14 = v. Calculate the remainder when 49/3 + 4/6 is divided by v.
8
Let w(z) = -3*z + 2. Let x(m) = -m + 7. Let f be x(7). Suppose f = -5*v - 25, 2*b - 2*v = 2 - 0. Calculate the remainder when 40 is divided by w(b).
12
Suppose 3*b + 7 = 16. Suppose -22 = -b*t + 8. Calculate the remainder when t is divided by 3.
1
Let f(a) = 2*a**2 + 3*a - 4. Let v = -16 + 29. What is the remainder when v is divided by f(-3)?
3
Suppose -48 = -3*l - 4*u, -3*u - 27 = -4*l + 37. Let h be ((-94)/6)/(7/(-63)). Suppose h = c + 2*c. Calculate the remainder when c is divided by l.
15
Let y = -7 + 8. Let l = 15 - 11. Let m = l + -3. Calculate the remainder when y is divided by m.
0
Suppose -30 = -2*m - m. Calculate the remainder when 18 is divided by m.
8
Let l(s) = s - 24. Let i be l(16). Let f(p) = p**2 + 8*p + 6. Calculate the remainder when 27 is divided by f(i).
3
Let y = -1 + 7. Let u = y + 8. Calculate the remainder when u is divided by 9.
5
Suppose -3*z + 95 = 4*j, 0*j + 4*z + 64 = 2*j. Let m = -10 + 24. Calculate the remainder when j is divided by m.
12
Let j(f) = -f**3 + 6*f**2 + f - 6. Let m be j(6). Let y(n) = n**2 + m*n - 2 + 0*n. What is the remainder when 19 is divided by y(3)?
5
Let w(c) = -c**3 + c**2 + 2. Let s be w(0). Let t = s + 3. Suppose 0*x = 4*v + t*x - 17, -13 = -3*v - 4*x. What is the remainder when v is divided by 1?
0
Let m(o) = o**3 + 7*o**2 + 6*o + 4. Let w be 28 + 7/((-21)/6). Suppose -2*b - 4*h = -26, -3*b + w = -b - h. What is the remainder when m(-5) is divided by b?
11
Let r be 1*(-14 + 2)/(-2). Let o = r - -41. What is the remainder when o is divided by 16?
15
Suppose -6*m + 66 = -72. Calculate the remainder when 114 is divided by m.
22
Let z = -10 + 13. Suppose 0 + 6 = -2*l, -27 = -z*y - 5*l. Let s = 13 + 14. Calculate the remainder when s is divided by y.
13
Let s(v) = -v**3 - 6*v**2 - 3*v - 3. Let u(o) = 0*o**2 + o**2 - 6 + o**3 - 2*o**2. Let x be u(0). What is the remainder when s(x) is divided by 8?
7
Let c(a) = -a - 2. Let y be c(0). Let n = -2 - y. Suppose 0 = 2*m - n*m - 36. What is the remainder when m is divided by 10?
8
What is the remainder when 49 is divided by 392/16 - (-1)/2?
24
Let w = -2 - -8. Calculate the remainder when 40 is divided by w.
4
Let v be (-3)/6 + 22/4. Let q = -80 + 134. Suppose q = v*n - 26. Calculate the remainder when 61 is divided by n.
13
Let s be (0 - 1)*-31 - 3. What is the remainder when 19 is divided by (-1)/(1 + (-32)/s)?
5
Let r be (-9)/6*(-20)/3. Let n = -5 + r. Suppose -n*i + 61 = -49. Calculate the remainder when i is divided by 12.
10
Let l be 2/(-5) - 24/(-10). Let s = 4 - -12. Calculate the remainder when (1 - 29/(-2))*l is divided by s.
15
Let s = 133 + -91. Suppose -2*h = 4*r - s, h - r - 56 = 4*r. Calculate the remainder when h is divided by 11.
9
Let m be (-1 - -1)/(2 - 1). Let u = 28 + -25. Calculate the remainder when (60 - m) + 6/u is divided by 21.
20
Suppose 0*y + y - 36 = 0. Let i = 70 + y. What is the remainder when i is divided by 27?
25
Let p(d) be the third derivative of -d**4/24 + 13*d**3/6 - 4*d**2. What is the remainder when 6 is divided by p(10)?
0
Let v(t) = -t**2. Let x(w) = 6*w**2 + 3. Let b(o) = 4*v(o) + x(o). Let c(h) = 7*h - 3. Calculate the remainder when b(-3) is divided by c(2).
10
Suppose -4*a = 0, -4*y + y - 51 = -3*a. Let q = -10 - y. Calculate the remainder when 26 is divided by q.
5
Let m = -2 - -13. What is the remainder when m is divided by 1/2 + 11/2?
5
Let n be 44/3 + 2/6. Let j = -6 + n. Calculate the remainder when j is divided by 6.
3
Suppose 4*i = 3*i + 22. Let v be 1/(-2) - 2/(-4). What is the remainder when i is divided by (v + -1 - -11) + -2?
6
Let j(u) = u**3 + 5*u**2 - u - 3. Suppose -o + 28 - 4 = 5*t, 4*t = -o + 20. What is the remainder when o is divided by j(-5)?
0
Suppose 8*z - 9 = 39. Calculate the remainder when 27 is divided by z.
3
Let j(b) be the second derivative of b**3/2 - 3*b**2/2 + 8*b. What is the remainder when j(6) is divided by 4?
3
Let j(y) = y**3 + 6*y**2 - 9*y - 10. Let k be j(-7). Suppose -k = -0*c + 2*c. What is the remainder when 26 is divided by ((-1)/c + 1)*6?
8
Let m(w) = -4*w**2 - 2*w - 8. Let d(n) = -2*n**2 - 7 - n - n**2 - 2*n. Let b(o) = -3*d(o) + 2*m(o). Calculate the remainder when b(-6) is divided by 6.
5
Let j(n) = n**2 + 6*n - 1. Let x be j(-6). Let f = 0 + x. What is the remainder when ((-17)/2)/(f/2) is divided by 9?
8
Suppose -2*w + 5*w = -486. Let u = -115 - w. Calculate the remainder when u is divided by 12.
11
Suppose 21*r - 5*r = 352. Let f = -8 + 16. Suppose -2*o - 4 = -n - 32, -o + f = n. Calculate the remainder when r is divided by o.
10
Let y = -104 + 203. Suppose -3*g = 3*o - y, -23 - 84 = -3*o + 5*g. What is the remainder when o is divided by 9?
7
Suppose d = -2*d + 66. Calculate the remainder when 41 is divided by d.
19
Let z be 38/(-2) - 1 - 0. Suppose -v + 28 = k - 0*v, 0 = 2*k - 3*v - 61. Calculate the remainder when k is divided by 3/((-2)/z*3).
9
Suppose 2*n + s = -2*n + 7, -5*n + 8 = 2*s. Suppose -n*u = 3*u - 20. Let d(a) = 2*a + 1. Calculate the remainder when d(u) is divided by 5.
4
Let c be (10 - (-2)/(-1)) + 2. Suppose -f - 5*j = -4, 3*f - c - 18 = j. What is the remainder when (5/(-10))/((-2)/64) is divided by f?
7
What is the remainder when (-6)/9 - (-176)/12 is divided by 6?
2
Let c(k) = -3*k**3 + k**2. Let l be c(-1). Calculate the remainder when 40 is divided by ((-8)/10)/(l/(-70)).
12
Suppose -4 - 2 = -3*h. Suppose 11*c - 7*c + 4*f - 80 = 0, 4*f + 40 = 4*c. Calculate the remainder when (0 + -1 - -43) + h is divided by c.
14
Let k = -2 - -9. Suppose -15 = 5*o, -n - o = n - 17. Calculate the remainder when k/(-7) - (-29)/1 is divided by n.
8
Let f(o) = -o**2 + 14*o - 3. Suppose -2*n = -3*n + 29. What is the remainder when n is divided by f(13)?
9
Calculate the remainder when (-56)/3*(-2 + (-1)/1) is divided by 12.
8
Suppose h + 3*w - 24 = -2*w, 3*w = 5*h - 36. Calculate the remainder when 62 is divided by h.
8
What is the remainder when 187 is divided by (30/(-25)*4)/((-3)/40)?
59
What is the remainder when 176/(-6)*(-5 - -2) is divided by ((-40)/8)/(5/(-18))?
16
Let n be -1*6*(-3)/6. Let q(f) = 4*f**2 + f + 1. Calculate the remainder when q(n) is divided by 14.
12
What is the remainder when 55 is divided by ((-84)/30)/(2/(-10))?
13
Let y be (-21)/(-9) + 8/12. Let o(q) = 11*q + 2. What is the remainder when o(y) is divided by 12?
11
Let h = 191 - 175. What is the remainder when 58 is divided by h?
10
Suppose 25 = q + 5. What is the remainder when q is divided by 11?
9
Suppose -4*h - x + 99 = 0, -3*h + 4*x + 36 = -h. What is the remainder when 189 is divided by h?
21
Suppose u + 3 = -3. Let v be (-27)/(2*u/8). Calculate the remainder when 17 is divided by 4/3*v/4.
5
Let q = 24 + -13. Let t(c) = c**2 + c - 3. What is the remainder when q is divided by t(-3)?
2
Suppose 3 = j + j - x, -2*j + 4*x - 12 = 0. Suppose 3*g = -j*m + 3*m + 184, 3*m + 48 = g. Suppose 4*k = -k + g. Calculate the remainder when 22 is divided by k.
10
Suppose -s = 4*f - 7*f + 5, 5*s = -3*f + 29. Let l(w) = 3*w + 1. Let c be l(2). Let x = c + 0. Calculate the remainder when x is divided by s.
3
Let q = 142 + -53. What is the remainder when q is divided by 13?
11
Suppose 4*j + 37 = t, t - 14 = -4*j - 49. Let r = 3 - j. Calculate the remainder when r is divided by 7.
5
Let b be 52/14 - 2/(-7). Suppose 0 = 5*y - b*y - 5. Suppose 0 = -a - 4*j + 25, 0 = y*a - 3*j - 64 - 38. What is the remainder when 62 is divided by a?
20
Suppose 7 = -4*t + 3, 0 = -2*v - 5*t - 9. Let m be (-26)/((-9)/(-6) + v). Suppose m = -2*d + 4*d. What is the remainder when d is divided by 9?
8
Let o = -3 - -6. Let u(z) = z**3 + 10*z - 2 + 3*z**2 - o*z - 2 + 5*z**2. What is the remainder when u(-6) is divided by 14?
12
Let y = 61 - 25. Suppose 3*k = 7*k - y. Calculate the remainder when 17 is divided by k.
8
Let d be 143/(-4) + (-2)/8. Suppose 5*m + 100 = m. Let a = m - d. Calculate the rema